{"id":5535,"date":"2021-11-19T14:39:37","date_gmt":"2021-11-19T17:39:37","guid":{"rendered":"https:\/\/museuafro.ufma.br\/?page_id=5535"},"modified":"2024-05-07T13:50:27","modified_gmt":"2024-05-07T16:50:27","slug":"historico","status":"publish","type":"page","link":"https:\/\/museuafro.ufma.br\/?page_id=5535","title":{"rendered":"HIST\u00d3RICO"},"content":{"rendered":"<p style=\"text-align: justify;\">O Museu Afro-digital da Universidade Federal do Maranh\u00e3o MAD\/MA-UFMA, foi criado em 2012 sob a coordena\u00e7\u00e3o do Prof. Dr. Sergio Figueiredo Ferretti. A funda\u00e7\u00e3o do MAD\/MA est\u00e1 ligada ao Projeto Arquivo e Museu Digital Mem\u00f3ria Negra e Africana no Brasil, que contou com o apoio do Edital PRO-CULTURA, da Coordena\u00e7\u00e3o de Aperfei\u00e7oamento de Pessoal de N\u00edvel Superior \u2013 CAPES.<\/p>\n<p style=\"text-align: justify;\">O projeto teve como objetivo formar acervo relativo \u00e0 mem\u00f3ria negra e africana no Brasil a partir da reuni\u00e3o de pesquisadores da Universidade Federal da Bahia, da Universidade Federal de Pernambuco, da Universidade Estadual do Rio de Janeiro e da Universidade Federal do Maranh\u00e3o.<\/p>\n<p style=\"text-align: justify;\">Logo nos primeiros anos de funcionamento, O MAD\/MA conseguiu construir um importante acervo representativo da pluralidade cultural afro-maranhense, contando com milhares de artefatos oriundos de cole\u00e7\u00f5es e acervos particulares de pesquisadores e fot\u00f3grafos disponibilizados em uma plataforma online e gratuita, vinculada ao site da Universidade Federal do Maranh\u00e3o.<\/p>\n<p style=\"text-align: justify;\">O MAD\/MA- UFMA &nbsp;tem a participa\u00e7\u00e3o do COLUN\/UFMA e da Universidade Estadual do Maranh\u00e3o \u2013 UEMA.&nbsp; \u00c9 coordenado pelos professores Marilande Martins Abreu (DESOC\/UFMA) e N\u00e9lio Alves Guilhon (UFMA\/COLUN), congrega discentes e pesquisadores de diferentes \u00e1reas como Antropologia, Hist\u00f3ria, Letras, Estudos Africanos, Ci\u00eancias da Computa\u00e7\u00e3o, Comunica\u00e7\u00e3o Social, Pedagogia, etc.<\/p>\n<p style=\"text-align: justify;\">Sejam bem vindes ao site do Museu Afro Digital do Maranh\u00e3o \u2013 MAD\/MA.<\/p>\n<p>&nbsp;<\/p>\n<p style=\"text-align: justify;\"><strong>MAD\/MA<\/strong><br \/>\n<strong>Grupo de Pesquisa: GP Mina&nbsp;<\/strong><br \/>\n<strong>Linha de pesquisa: Museu Afro-Digital \u2013 MAD\/MA<br \/>\n<\/strong><\/p>\n<p style=\"text-align: justify;\">&nbsp;<\/p>\n","protected":false},"excerpt":{"rendered":"<p>O Museu Afro-digital da Universidade Federal do Maranh\u00e3o MAD\/MA-UFMA, foi criado em 2012 sob a coordena\u00e7\u00e3o do Prof. Dr. Sergio Figueiredo Ferretti. A funda\u00e7\u00e3o do MAD\/MA est\u00e1 ligada ao Projeto Arquivo e Museu Digital Mem\u00f3ria Negra e Africana no Brasil, que contou com o apoio do Edital PRO-CULTURA, da Coordena\u00e7\u00e3o de Aperfei\u00e7oamento de Pessoal de [&hellip;]<\/p>\n","protected":false},"author":1,"featured_media":0,"parent":0,"menu_order":0,"comment_status":"closed","ping_status":"closed","template":"","meta":{"_editorskit_title_hidden":false,"_editorskit_reading_time":0,"_editorskit_is_block_options_detached":false,"_editorskit_block_options_position":"{}","advanced_seo_description":"","jetpack_seo_html_title":"","jetpack_seo_noindex":false,"ngg_post_thumbnail":0,"footnotes":""},"class_list":["post-5535","page","type-page","status-publish","hentry"],"jetpack_sharing_enabled":true,"_links":{"self":[{"href":"https:\/\/museuafro.ufma.br\/index.php?rest_route=\/wp\/v2\/pages\/5535","targetHints":{"allow":["GET"]}}],"collection":[{"href":"https:\/\/museuafro.ufma.br\/index.php?rest_route=\/wp\/v2\/pages"}],"about":[{"href":"https:\/\/museuafro.ufma.br\/index.php?rest_route=\/wp\/v2\/types\/page"}],"author":[{"embeddable":true,"href":"https:\/\/museuafro.ufma.br\/index.php?rest_route=\/wp\/v2\/users\/1"}],"replies":[{"embeddable":true,"href":"https:\/\/museuafro.ufma.br\/index.php?rest_route=%2Fwp%2Fv2%2Fcomments&post=5535"}],"version-history":[{"count":3,"href":"https:\/\/museuafro.ufma.br\/index.php?rest_route=\/wp\/v2\/pages\/5535\/revisions"}],"predecessor-version":[{"id":6490,"href":"https:\/\/museuafro.ufma.br\/index.php?rest_route=\/wp\/v2\/pages\/5535\/revisions\/6490"}],"wp:attachment":[{"href":"https:\/\/museuafro.ufma.br\/index.php?rest_route=%2Fwp%2Fv2%2Fmedia&parent=5535"}],"curies":[{"name":"wp","href":"https:\/\/api.w.org\/{rel}","templated":true}]}}